 highest common factor of 132 and 3914889?
33
What is the greatest common factor of 17590815 and 90?
45
What is the greatest common divisor of 271431366 and 6?
6
Calculate the highest common factor of 84 and 504744.
12
Calculate the greatest common divisor of 1 and 2169736.
1
Calculate the greatest common factor of 16 and 348724.
4
What is the greatest common factor of 54624516 and 290?
58
What is the highest common factor of 83680 and 24380?
20
Calculate the highest common factor of 1080456 and 452400.
312
What is the greatest common divisor of 350 and 2312534?
14
What is the greatest common factor of 192 and 475701?
3
What is the greatest common factor of 946478 and 30680?
1534
Calculate the greatest common divisor of 6633423 and 774.
9
What is the greatest common factor of 92 and 2949129?
23
Calculate the highest common factor of 8664927 and 59820.
2991
Calculate the highest common divisor of 39459 and 3906.
21
Calculate the greatest common factor of 49 and 9066351.
7
Calculate the greatest common divisor of 679 and 113855.
7
What is the greatest common divisor of 251324610 and 12?
6
What is the greatest common factor of 3876 and 87441268?
1292
What is the greatest common divisor of 164308156 and 123?
41
What is the greatest common divisor of 5739 and 767113?
1913
Calculate the greatest common divisor of 222432530 and 1295.
185
What is the greatest common factor of 16640 and 156988?
52
What is the greatest common factor of 2184 and 3729336?
312
What is the greatest common factor of 2674 and 14098092?
382
Calculate the highest common factor of 16492 and 817019.
133
What is the highest common divisor of 29563 and 2019872?
799
What is the greatest common divisor of 8522745 and 1413?
471
Calculate the highest common factor of 764 and 27693854.
382
Calculate the highest common divisor of 2492 and 70308.
28
What is the greatest common divisor of 522872 and 973?
7
What is the greatest common factor of 6508614 and 63?
21
What is the highest common factor of 7797853 and 413?
413
Calculate the highest common factor of 460 and 380164930.
230
Calculate the highest common factor of 14607625 and 13700.
3425
Calculate the highest common factor of 40 and 1654980.
20
What is the greatest common divisor of 9753865 and 1090?
545
What is the highest common divisor of 173736 and 116622?
342
What is the highest common factor of 8109504 and 535344?
912
What is the highest common factor of 46 and 74894417?
23
What is the greatest common factor of 8990 and 63365?
145
What is the highest common divisor of 9840980 and 148780?
860
What is the greatest common factor of 52399 and 13176?
61
What is the greatest common factor of 6419637 and 588?
147
Calculate the greatest common factor of 44183410 and 10.
10
Calculate the highest common divisor of 11132385 and 583.
583
Calculate the greatest common factor of 2698 and 185193.
19
What is the greatest common divisor of 29900 and 7567?
23
Calculate the highest common divisor of 42 and 456890546.
14
What is the greatest common divisor of 5352 and 455016336?
5352
Calculate the highest common divisor of 97166 and 106.
2
What is the greatest common divisor of 64836 and 1998?
18
What is the greatest common factor of 676514258 and 14?
14
What is the greatest common factor of 9359 and 321071?
191
Calculate the greatest common factor of 8804550 and 78758.
1486
Calculate the greatest common factor of 848 and 701349.
53
What is the greatest common divisor of 16721216 and 4864?
1216
What is the greatest common factor of 118 and 231152206?
118
What is the highest common divisor of 2926133 and 20580?
343
Calculate the highest common factor of 925 and 8963916.
37
Calculate the highest common divisor of 3836 and 134590855.
959
What is the greatest common divisor of 800235210 and 366?
366
Calculate the highest common divisor of 5145 and 5495595.
735
What is the highest common divisor of 67131030 and 810?
30
What is the greatest common divisor of 13911980 and 20?
20
Calculate the greatest common factor of 50150 and 14165250.
850
What is the highest common factor of 165 and 533015615?
55
Calculate the greatest common divisor of 40442 and 148472.
554
Calculate the highest common divisor of 1779138 and 520290.
2538
What is the highest common factor of 149746 and 1626?
2
What is the greatest common divisor of 5442873 and 52029?
123
What is the greatest common factor of 74275 and 642175?
25
Calculate the greatest common divisor of 354729240 and 190.
190
Calculate the greatest common divisor of 134 and 66990218.
134
Calculate the greatest common factor of 13360 and 177215056.
2672
What is the highest common factor of 2500542 and 495818?
346
Calculate the greatest common factor of 805200 and 39589.
671
What is the greatest common factor of 2171 and 1113055?
167
Calculate the highest common factor of 60673 and 24277241.
731
What is the greatest common divisor of 6340 and 52684132?
1268
What is the greatest common factor of 402 and 3916954?
134
What is the greatest common divisor of 8183 and 27809341?
1169
Calculate the greatest common divisor of 357437046 and 5238.
582
What is the greatest common factor of 2270541 and 15834?
273
What is the highest common divisor of 83429 and 11368299?
4391
What is the greatest common divisor of 1569 and 91580961?
1569
Calculate the greatest common factor of 3335 and 39332990.
3335
What is the highest common divisor of 662475 and 2431?
11
Calculate the highest common factor of 17468 and 85932.
44
Calculate the greatest common divisor of 1924172 and 68.
4
What is the highest common divisor of 8958 and 202877798?
2986
Calculate the greatest common divisor of 62682 and 168.
6
What is the highest common divisor of 35068764 and 21336?
1524
What is the highest common factor of 1505991960 and 327?
327
Calculate the highest common factor of 238986 and 300543.
3621
What is the highest common factor of 4994818 and 598?
46
What is the highest common divisor of 608 and 107616304?
304
Calculate the highest common divisor of 140 and 91543760.
140
Calculate the highest common factor of 25956375 and 950.
475
What is the highest common factor of 148562 and 13901878?
2518
Calculate the highest common divisor of 795 and 6680040.
15
Calculate the highest common divisor of 67643652 and 108.
12
Calculate the highest common factor of 4699 and 1638173.
127
Calculate the highest common factor of 35137 and 13876544.
857
What is the greatest common factor of 7166885 and 352?
11
What is the highest common factor of 17760 and 146087840?
5920
What is the greatest common divisor of 1627404 and 6?
6
Calculate the greatest common factor of 749 and 783561.
107
What is the greatest common divisor of 56406 and 70152?
474
What is the highest common factor of 2386496 and 843584?
3136
Calculate the highest common divisor of 6656524 and 2240.
28
What is the highest common divisor of 3478319 and 68?
17
What is the highest common divisor of 515 and 220523?
103
What is the greatest common factor of 1529635 and 5?
5
Calculate the greatest common divisor of 444266 and 458222.
2326
Calculate the greatest common divisor of 1486889 and 3661.
523
What is the greatest common divisor of 252594 and 3114?
18
Calculate the greatest common factor of 4015 and 35626190.
365
What is the greatest common divisor of 23870 and 60170?
110
Calculate the highest common divisor of 1692378 and 54.
18
Calculate the highest common divisor of 1217733 and 33.
33
Calculate the highest common divisor of 136792865 and 55.
55
What is the highest common divisor of 433779494 and 7682?
7682
Calculate the greatest common factor of 126797 and 19008.
11
What is the highest common divisor of 40 and 9724280?
40
Calculate the greatest common divisor of 632 and 28708.
4
Calculate the greatest common divisor of 92141346 and 462.
66
What is the greatest common divisor of 821456 and 2096?
16
Calculate the greatest common divisor of 62683273 and 71.
71
What is the greatest common divisor of 326995650 and 180?
90
Calculate the greatest common divisor of 18922977 and 648.
81
What is the highest common factor of 22512 and 1912582?
938
Calculate the greatest common factor of 3875 and 2145355.
155
Calculate the greatest common factor of 4859463 and 77441.
161
Calculate the greatest common divisor of 9345